e of -1/24*k**4 + 11*k**2 + 0 + 21*k + 1/120*k**6 + 0*k**5 + 1/3*k**3. Let a(r) be the first derivative of l(r). Give a(0).
2
Let m(y) = -9*y**2 + 24*y + 57. Let b(p) = -11*p**2 + 26*p + 58. Let x(q) = -5*b(q) + 6*m(q). What is x(-8)?
4
Let q be ((-192)/128)/(6/(-20)). Let d(n) = n - 6. What is d(q)?
-1
Suppose 4 = a - 3*f, f - 47 = -3*a - 15. Let d be (8 - 1) + -12 + a. Let v(i) = -4*i - 7. Calculate v(d).
-27
Let z(p) be the second derivative of -p**3/6 + 4*p**2 + 5*p. Suppose -4*s - 2286 + 2330 = 0. Calculate z(s).
-3
Let l(r) = 85*r - 3399. Let s be l(40). Let c(j) = 59*j**3 - j**2 + 2*j - 1. Determine c(s).
59
Let r be (-4)/18 + 104/(-18). Let s be (-8 - r)*2*(0 - -1). Let k be -8*1*(5 + s). Let n(d) = -d - 6. Determine n(k).
2
Suppose 6*z + 721 = 823. Suppose 0 = -2*i + 29*r - 24*r + 31, r + z = 4*i. Let y(w) = -w**3 + 2*w**2 + 5*w - 2. Calculate y(i).
4
Let y(g) = 3*g + 108. Let b(z) = 29*z - 2560. Let i be b(87). Determine y(i).
-3
Let y(o) = -o**3 - 10*o**2 + 1. Suppose 2*l = -x + 11, 5*l - 8 - 2 = x. Let m be ((46 - 6)/(-10))/(2/x). Calculate y(m).
1
Let r = 856 + -861. Let c(y) = y - 27. Let i(v) = -24. Let w(n) = r*i(n) + 4*c(n). Determine w(-3).
0
Let h(u) = u**3 + 4*u**2 + 5*u - 5. Let i(q) = q**3 + 5*q**2 + 6*q - 5. Let y(f) = 5*h(f) - 4*i(f). Suppose 0 = 444*l - 433*l. Calculate y(l).
-5
Let i(u) = 1 + 6*u**2 + 5*u - 5*u**2 - 2*u**2. Let z(r) = -r**2 - 6*r - 4. Let x be z(-4). Suppose 3*a = -5*g - 0*a + 13, x*a + 11 = -g. Calculate i(g).
1
Let y(a) = a**2 + a - 2. Let p be y(2). Let r(u) = 47*u - 20. Suppose 18*s - 170 - 64 = 0. Let n(f) = -22*f + 9. Let j(m) = s*n(m) + 6*r(m). Calculate j(p).
-19
Let z = 1166 - 1201. Let y(f) = -5*f - 161. What is y(z)?
14
Let p(i) be the third derivative of -i**5/60 - i**4/12 + i**3/6 + 124*i**2. Let t be (-30)/(-8) + 4/16. Suppose -2*u = 4, c - t = -0*c + u. Calculate p(c).
-7
Let z = 444 + 72. Let i(v) = z*v + 520*v + 2 - 1035*v. Determine i(-9).
-7
Let g(b) = 10*b**2 + 61*b + 166. Let d(j) = 2*j**2 + 8*j + 33. Let l(m) = -11*d(m) + 2*g(m). Give l(16).
1
Let y(q) = 7*q - 1. Suppose 3*c = 16 - 19. Let d be (-7 + 8)*-8*c/(-2). Determine y(d).
-29
Let d(p) = -p**2 - p + 5. Let b = -346 - -351. Suppose 0 = 6*r - b*r + 4. Determine d(r).
-7
Let y(x) = -2*x**3 - 8*x**2 - 3*x + 1. Let u be y(-5). Let k be (u/(-9) + 4)*(-3)/2. Let m(r) = r - 4. What is m(k)?
1
Let j(a) = -1861 + a + 1014 + 803. What is j(26)?
-18
Let t(r) = 95*r - 15. Let a(l) = -16*l + 1. Let j(u) = -6*a(u) - t(u). What is j(20)?
29
Let g(y) = -y**3 + 4*y**2 - 3*y - 1. Let h = -25 - -20. Let q be 6*(-10)/(-4)*(-1)/h. Let f be -6*(-14)/12 - (1 + q). Calculate g(f).
-1
Let h = -47 - -61. Let n be h/(-8) - 45/(-60). Let c(w) = 6*w - 5. Let y(q) = 7*q - 6. Let p(t) = -6*c(t) + 5*y(t). Give p(n).
1
Suppose -3*o - 57 = -5*m + 259, 0 = 4*o + 4*m + 400. Let q = o - -103. Let j(s) = 3 - 4 - q + s + 8. Determine j(-12).
-6
Let p(a) = -3*a**3 - 7*a + 2. Let o(g) = -5*g**3 - g**2 - 12*g + 4. Let k(u) = -8*o(u) + 14*p(u). Give k(4).
-12
Suppose 0 = 51*d - 60*d - 9. Let l(n) = -42*n**2 - 2*n + 2*n + n + 16*n**2. Calculate l(d).
-27
Let q(y) = 1 - 4*y + 8 - 11 + 1. Let c be -67 + 65 - (1 - 0)*2. Determine q(c).
15
Let m = -25 - -30. Suppose -m*n - 2*z - 2 = 0, n - z + 10 = -2*n. Let v(a) = -2*a - 7*a + 12*a - 3*a - 2*a - 3. What is v(n)?
1
Let u be (21*15/35)/(12/(-12)). Let j(a) = 5*a**2 - 10*a - 13. Let m(s) = s**2. Let c(h) = j(h) - 6*m(h). Calculate c(u).
-4
Suppose 0 = -0*t - 5*t + 2*f - 45, -2*t - 29 = -3*f. Let l(o) be the third derivative of -1/12*o**4 - 3*o**2 + 0*o + 0 - 4/3*o**3. Calculate l(t).
6
Suppose 36*a = -93 - 195. Let g(z) = -5*z - 2*z - 7 - 4*z**2 + 3*z**2 - 2*z. Determine g(a).
1
Let l(h) = h - 4. Suppose 12*w + 4*w = 0. Suppose -m + w*m + 22 = -3*p, 0 = -4*m + 2*p + 48. What is l(m)?
6
Suppose 5*o + 86 = 38*z - 40*z, 0 = 4*o - 5*z + 16. Let m(p) = p**2 + 31*p + 236. Give m(o).
-2
Let v(o) = 5*o**2 - 28 + 32 + 3*o**2 + 5*o - 7*o**2. Calculate v(-6).
10
Let k(s) = -2*s**2 - 20*s - 3. Let o(r) = 3*r**2 + 30*r + 5. Let z(g) = -5*g**3 - 2*g**2 + 2. Let b be z(-1). Let l(c) = b*o(c) + 8*k(c). Determine l(-9).
10
Let t(d) be the second derivative of 5*d**4/4 + 13*d**3 + d**2 - 13*d + 175. Give t(-5).
-13
Let z(o) = -10*o + 8. Let i(g) = -22*g + 18. Let k(j) = -2*j**2 + 20*j - 9. Let t be k(10). Let p(w) = t*z(w) + 4*i(w). Let x = -1 + 0. Determine p(x).
-2
Let c(h) = -5*h**3 + 5*h**2 - 9*h - 8. Let t(i) = -2*i**3 - i**2 - i - 3. Let j(a) = c(a) - 2*t(a). Suppose -2*f - 6 = -18. What is j(f)?
-8
Let q(v) = -v**3 + 7*v**2 - 5*v. Let p = -2691 - -2697. Give q(p).
6
Suppose 0 = 23*z + 1765 - 1903. Let x(l) = -13*l + 81. What is x(z)?
3
Let h(w) = -w + 2. Let i(a) = -a**2 - 3*a + 9. Let p(r) = 4*r**2 + 9*r - 28. Let v(u) = 7*i(u) + 2*p(u). Let q be v(0). Calculate h(q).
-5
Suppose -4*q = 5 - 37. Let r = q - 5. Let k(y) = 8*y - 16*y - 460 + 462 + 6*y + 2*y**2 - 3*y**2. What is k(r)?
-13
Let q be (3 + 2/(-6))*15/10. Suppose 5*h + 3*r - 380 = 0, 0*h - 304 = -q*h + 2*r. Let u = 82 - h. Let c(j) = 3*j - 9. Determine c(u).
9
Let k(f) = 7*f + 2. Let g(a) be the second derivative of a**3/6 + 3*a. Suppose -19*n + 36 = -78. Let y(o) = n*g(o) - k(o). Give y(-1).
-1
Let r(y) = 36*y - 8. Let o(v) = -27*v + 5. Let g(n) = -7*o(n) - 5*r(n). Give g(0).
5
Let c be ((-3)/6)/(((-30)/(-12))/(-5)). Let a(r) = -14*r**3 + 0*r**2 + 3*r**2 + 1 + 5*r**2 - 2*r - 6*r**2. Calculate a(c).
-13
Let x(r) = 11*r - 33. Let v(j) be the third derivative of -31*j**4/24 + 97*j**3/6 + 124*j**2. Let l(k) = 6*v(k) + 17*x(k). Calculate l(-13).
8
Let j be (8/12)/(2/9). Let w(t) = -3*t - 90 - 96 + 184 - j*t**2 - t. Determine w(-2).
-6
Let k(z) = -13*z + 107. Let o be k(8). Let c(x) = 12 + x + 0*x**2 - x**o + 2*x**3 - 14*x - 10*x**2. What is c(11)?
-10
Let s(d) = 95*d**2 + 36 - 60*d - 99*d**2 + 2*d. Determine s(-15).
6
Let u(v) = v**3 - 9*v**2 + 14*v + 8. Suppose -74*f + 357 = -23*f. What is u(f)?
8
Suppose -29*j - 14*j - 51 - 35 = 0. Let b(l) = -15*l**2 + 4*l + 5. What is b(j)?
-63
Let a be (-20574)/42 - (-3)/(-21). Let w = -494 - a. Let t(g) be the second derivative of -g**3/6 + g**2/2 + g. Give t(w).
5
Let i(o) = -4*o + 19 - 12*o - 2 + 11*o. What is i(3)?
2
Let w(a) = a**3 + 8*a**2 + 5*a - 10. Let q(g) = g**2 + 18*g - 40. Let j be q(-18). Let h = -41 - j. Let n be -6 + 0 - 5*h/(-5). Determine w(n).
4
Let m(u) = u**3 + 5*u**2 - 62*u - 260. Let t be m(-4). Let l(q) = -q**3 + 3*q**2 + q + 8. Give l(t).
-4
Let h(l) = l**2 - 7. Suppose 0 = 870*g - 868*g - 12. Suppose 12 = 3*d, 10 = -3*y - g*d + 4*d. Calculate h(y).
29
Let q(j) = -2*j**3 - 3*j**2 + 3*j + 12. Let r(g) = -g**3 + g**2 + 4*g + 1. Let f(v) = -q(v) + 3*r(v). Let l(y) = 2*y + 25. Let b be l(-9). Give f(b).
5
Suppose 2*p + 2*b = 52, 2*p - 8*b - 54 = -11*b. Let w(t) = p*t - 11 - 23*t - 14. What is w(23)?
-2
Let c be (-31)/(-186)*(4 + -34). Let d(a) = -a**3 - 7*a**2 - 12*a - 16. Determine d(c).
-6
Let v(g) = 2*g - 2. Let y(u) = 34*u - 34*u**2 - 2*u**2 + 5*u**3 - 11 - 26*u. Let f be y(7). What is v(f)?
-10
Suppose 2 = 2*q, o + 4*o + 3*q = 28. Let z(l) = 2*l**3 - 8*l**2 + 2*l + 7. Determine z(o).
67
Let t(r) = -262. Let v(k) = k - 604. Let l(p) = -2*t(p) + v(p). Calculate l(0).
-80
Let f(v) = -2*v + v**3 + 0*v**3 + 84*v**2 - 15 - 48*v**2 - 42*v**2 - 5*v. Calculate f(7).
-15
Let i(o) = -o**2 + 12*o - 38. Let m(k) = 2*k**2 - 24*k + 89. Let x(c) = -5*i(c) - 2*m(c). Determine x(11).
1
Suppose -2*h - 38 = -4*g, 0 = -3*h + 3*g - 181 + 142. Let f(a) = a**2 - 2*a - 61. Determine f(h).
2
Let c(x) = 133*x + 63. Let i(u) = -59*u - 31. Let n(g) = -4*c(g) - 9*i(g). Calculate n(-16).
43
Suppose 304*q - 297*q = -71 + 15. Let r(b) = -b**3 - 8*b**2 - b + 5. What is r(q)?
13
Suppose 10 = -0*l + l + 3*m, -5*l - 3*m - 10 = 0. Let p(w) be the third derivative of w**4/24 - 72*w**2. What is p(l)?
-5
Let o(m) = 2054*m - 2051*m - m**2 + 0*m**2 + 10. Determine o(-3).
-8
Let z(l) = -l**3 - l**2 - l + 40. Let a be z(-7). Let u = -350 + a. Let m(x) = -x + 3. Give m(u).
12
Let z(u) = 72 - 26 - 13*u**2 - 23 + 2*u**3 - 26 + 4*u**2. What is z(5)?
22
Let v(h) = 8*h + h**2 + 20 + 10 - 19*h. What is v(7)?
2
Let p(z) = 8*z + 24. Let n(u) = -3*u - 8. Let c = -61 - -40. Let j be 10/(-15)*1*c. Let k(m) = j*n(m) + 5*p(m). Calculate k(6).
-4
Let y(b) = 4*b - 16. Le